 = -27 - r. Suppose 4*m - 1198 + 194 = h. Is m prime?
True
Let b(i) = -i - 8 - 4 + 2 + 602*i**3 - 2*i**2 + 7*i**2 - 3*i**2. Is b(3) a composite number?
True
Suppose 4*d + 29222 = -k + 10199, -2*k - 19026 = 4*d. Suppose 0 = -8*u + 357 - 405. Is (-9)/6 + d/u prime?
False
Let s(x) be the first derivative of -3*x**4/4 - 3*x**3 + 7*x**2/2 + 91*x - 49. Is s(-6) prime?
True
Is 148302 - ((-21 - -9) + 25) a prime number?
False
Suppose -5*t = 3*u - 183, 2*u = 4*t - 0*t - 142. Is (24/t)/(2/3309) composite?
False
Let n(z) be the third derivative of -23*z**6/120 + z**5/5 + 11*z**4/8 - 11*z**3/6 + 36*z**2 - 2. Is n(-5) a prime number?
True
Suppose -3*m = 47 - 59. Suppose -5*d - 4975 = m*q + 3914, q + 5*d + 2211 = 0. Is (-1 - -2) + q/(-7) composite?
True
Let k = 61931 - 11238. Is k a prime number?
False
Let o = -111575 + 231745. Is o/6 + 68/102 composite?
False
Let i(c) = -c. Suppose -q = -3*q + w - 7, -4*w + 13 = -5*q. Let p be i(q). Suppose -v = 2*v + 4*b - 1247, -5*b + 2070 = p*v. Is v prime?
True
Let v = -51218 - -99447. Is v composite?
True
Suppose -5*o = 0, -3*n + 0*o + 3*o = -24600. Is (11 + -5 + n)/2 prime?
False
Suppose -6*n - 28*n - 52*n + 6169726 = 0. Is n a composite number?
False
Let y(s) = -9 - 19*s**2 + s - 14*s**2 + 3*s**2. Let k be y(9). Is -2 - 8/(16/k) a composite number?
False
Let z(g) = 25*g**3 + 3*g**2 + 12*g - 377. Is z(16) a prime number?
True
Suppose -3*m - 4*s + 20 = 0, 4*m = -2*s + 7*s + 37. Suppose 14 = x - m*x. Is (x - -5)*-5*267/(-9) a composite number?
True
Let r(y) be the third derivative of -y**5/60 + 3*y**4/8 - 5*y**3/6 - 12*y**2. Let x be r(8). Suppose -u - 4*u + 2535 = -5*a, -4*a - 1525 = -x*u. Is u composite?
False
Is -14 - -26 - (5 + -3628) composite?
True
Let x(q) = 79480*q - 4327. Is x(9) prime?
False
Suppose 20*d = 23*d. Suppose -3*p + p + 6 = d. Is (-52724)/(-35) + p/5 a composite number?
True
Let m = -60 + 86. Let q = -15 - -49. Suppose 4*l - 5*v - m = -3*v, -5*l = -v - q. Is l a prime number?
True
Let t(u) = 1196*u + 25969. Is t(0) prime?
True
Suppose 5*i = 2*i + 7*i. Suppose i = -2*p - 13 + 19. Suppose p*j = 15, -5*b + 2*b + 2*j + 461 = 0. Is b a prime number?
True
Let r(o) = -o**2 + 11*o + 13. Let c be r(12). Let u(k) = 65*k**2 + 13*k - 11. Is u(c) composite?
False
Suppose 3 - 7 = 4*j. Let m(p) = 7*p**2 - 2. Let l be m(j). Suppose 0 = -3*k + l*z + 1817, -203 - 1020 = -2*k + z. Is k a prime number?
False
Let k(d) = 58678*d - 2873. Is k(4) a prime number?
True
Is 17502 - (-9 + -2 + 10) a composite number?
True
Let k = -7573 - -14102. Is k prime?
True
Let w = -127921 + 40489. Let k be (-1)/(-3*4/w). Is k/(-4) - (-3)/2 prime?
True
Let q = 54 - 53. Let u be ((-180)/(-75))/(q + 3/(-5)). Suppose 0 = -4*p + u*p - 652. Is p prime?
False
Suppose -a - 3*v - 2 = 0, -38 = 5*a - 5*v - 8. Let r(f) = -35*f**3 + 2*f**2 + 20*f + 2. Is r(a) a prime number?
True
Let x(l) = -3*l**2 + 23*l + 4214. Let v(w) = -w**2 + 8*w + 1405. Let o(k) = -17*v(k) + 6*x(k). Let i be o(0). Let j = i + -977. Is j a composite number?
True
Suppose 79 - 329 = -5*h. Let s(f) = -f**3 - 2*f**2 - f + 228. Let u be s(0). Let t = u - h. Is t prime?
False
Let s = -2488 - -4127. Is s prime?
False
Let j = -210 - -214. Suppose j*v - 8*v = 12, g + v - 1056 = 0. Is g prime?
False
Suppose -4*n = 4*r + 272 + 1836, -4*r + n - 2103 = 0. Let g = r + 1583. Suppose 9*o + g - 4603 = 0. Is o prime?
False
Suppose 4*p - 498858 = -2*b, -3*p + 374126 = 8*b - 9*b. Is p a composite number?
True
Is (253/(-22) + 10)*23673882/(-9) composite?
False
Is (-1100982)/(-20) + (-224)/2240 composite?
False
Let n = -30 - -44. Let k be (-1)/(-2)*n - 2. Suppose 0*q + k*q - 4075 = 0. Is q composite?
True
Let r(c) = -2*c**3 + 2*c**2 + 4*c - 5. Let j be r(2). Let l be (3/2)/(j/2480). Let o = l - -1247. Is o a composite number?
False
Suppose -2*v + 0*v + 4*s + 54 = 0, 3*v - 82 = 5*s. Suppose -33*k + v*k + 24556 = 0. Is k prime?
False
Let g be (3 + -1)*(-1 - (-6 - -4)). Let n(o) = o + 65 - g*o**2 + 0*o**2 - 6. Is n(0) a composite number?
False
Let g(h) = -h**3 + h**2 + 2*h + 2322. Let b be g(0). Let p = -1027 + b. Suppose 26*k - 33*k = -p. Is k prime?
False
Suppose -2*g + 2*l = -29024, -4*g - 2*l = -33506 - 24512. Is g a prime number?
False
Suppose 2*r - 28 - 84 = 0. Let q = r + -53. Suppose -197 = -q*f + 5134. Is f a composite number?
False
Let r be -2*(-82)/52 - 6/39. Let q be (r + -2)*2 + 11. Let u(t) = 2*t + 5. Is u(q) composite?
False
Suppose -3*p = 2*o - 3532061, -4*p = 59*o - 60*o - 4709400. Is p composite?
True
Is (-10 - -3111) + ((-1)/(-6) - (-121)/66) prime?
False
Is -22029*(-187)/102 - ((-3)/(-6) + -1) composite?
False
Let k(f) = -790*f**3 - 6*f**2 + 5. Let s(l) = -791*l**3 - 7*l**2 + l + 5. Let w(r) = -5*k(r) + 4*s(r). Is w(2) prime?
True
Suppose 2*r - 3*r = -2*n, 3*r - 5*n - 2 = 0. Suppose -v - 2*v = 6, -1768 = r*f + 2*v. Let g = 242 - f. Is g prime?
True
Suppose 2*m - 8 = -4*n, m - 3*n = -0*m - 6. Suppose 2*d - 27 = r, 0 = d - m*d + 4*r. Is d/18 + (-1459)/(-3) composite?
False
Let k = -62 - -62. Suppose -3*v = -k*v - 3*m - 7731, -3*m = -5*v + 12877. Is v prime?
False
Suppose 5*n - 352 = 13773. Let g = 4086 - n. Suppose -3*i = 3, 431 - g = -o - 5*i. Is o a composite number?
True
Suppose 21 + 154 = 7*a. Suppose -a*t = -28*t + w + 38085, -38085 = -3*t - w. Is t a composite number?
True
Suppose 0 = -89*b - 279317 + 7616388. Is b a composite number?
True
Is -5*((-80192)/35 - 3) a prime number?
True
Suppose 151*k = 156*k - 353545. Is k a prime number?
True
Let c be (-272)/(-80) - 2 - (-4)/(-10). Is 1562/2 + (0 - -5) + c prime?
True
Suppose 6*c + 30505 - 261991 = 0. Is c a composite number?
True
Is (1/(-3))/(-12 + 497230773/41435901) composite?
True
Let x = 2124 - 1028. Suppose 2*n = -3*k - 26, -19 = 2*k + 4*n - 3*n. Is ((-6)/(-9))/(-2) - x/k composite?
True
Let s = 109 + -109. Suppose s*f = -7*f + 36568. Suppose -22*h = -14*h - f. Is h prime?
True
Suppose 24*y + 24901 = 6973. Let p = 1288 + y. Is p a prime number?
True
Let l(v) = 36*v**2 + 47*v - 1. Suppose -4*b + 70 = 6. Is l(b) composite?
False
Let s be 6 + 2 - (-7)/(-7). Suppose -4*a + 58091 = -s*v + 4*v, 2*a - 4*v = 29058. Is a a composite number?
False
Suppose -10*x + 48398 + 192912 = 0. Is x a prime number?
False
Let x(l) = -160*l - 98. Let k(o) = 161*o + 102. Let j(y) = -7*k(y) - 6*x(y). Is j(-7) a composite number?
True
Is (-35 - (-382468)/32) + 2/(-16) a composite number?
True
Let j = 500 + -531. Let y(b) = -b**3 - 9*b**2 - 80*b - 99. Is y(j) a composite number?
True
Let a be 3/12 - (-498)/24. Let t be a - 18 - (-1 + (-14)/(-2)). Is 4 + t + 1 + 287 a composite number?
True
Let j = -28 + 31. Suppose 0 = -2*g + j*o - 3390, -5*o + 1321 - 8057 = 4*g. Is (-3 - -7 - g)*1 a composite number?
False
Suppose o = -4*y - 7622, -4*y - o - 7626 = -2*o. Let k be (-68)/2*(-6 + (-182)/(-4)). Let m = k - y. Is m composite?
False
Let o(d) = -1. Let s(c) = 215*c + 40. Let x(g) = 30*o(g) + s(g). Let t be x(3). Suppose 8*j - t = 3*j. Is j prime?
True
Let y = -54994 - -118349. Is y prime?
False
Let g = -130 + 67. Suppose -609 - 273 = 9*f. Let b = g - f. Is b a prime number?
False
Let v(x) = -x**2 + 10. Let m be v(-3). Let w(c) = 293*c**2 + 2*c - 2. Is w(m) composite?
False
Is (1671/(-12) + 12)*-412 - (-5 - 1) a composite number?
False
Suppose 2*z - 65 + 11 = 0. Suppose -2*r - n = -83739, z*r - 32*r = -n - 209330. Is r composite?
True
Suppose 51*c = 72*c + 150*c - 99384687. Is c a prime number?
True
Let a = 2162 - 1125. Is a + 2 - (-4 + 0/(-1)) a prime number?
False
Let l = 14721 + 27458. Is l composite?
False
Suppose 4*f + 3*l + 16 = 0, 5*l = -f - 3 - 1. Is (2411/f)/((-2)/8) prime?
True
Suppose 0 = 2919*l - 2915*l - 891076. Is l composite?
True
Suppose 3*b + 1193 - 5711 = 0. Suppose -13*m + 7*m + b = 0. Is m prime?
True
Let i(r) = 58*r**2 + 663*r - 17. Is i(-20) a prime number?
True
Let z = -1514 + 6173. Is 4*z - (12 + -11) composite?
True
Suppose -5*q - 6*a + 2*a = 108, 2*a = -3*q - 64. Let n be 248/q + 2/5. Is ((-524)/24)/(2/n) a composite number?
False
Let n(i) = -204*i + 2. Let h be n(-17). Let y = h + -2416. Suppose g = 95 + y. Is g prime?
False
Let d(j) = -419*j - 25. Let y be ((-3)/((-105)/14))/((-3)/30). Is d(y) a composite number?
True
Suppose -11*s = -7 - 4. Let c = -1 + s. Is c - (-3 - 1*442) prime?
False
Suppose 4*q - 2*o - 12121 - 2647 = 0,